 is divided by r?
28
Let z(b) = -5*b - 3. Let t = -131 + 197. What is the remainder when t is divided by z(-4)?
15
Let t be (-25)/(-10) - (3/(-2))/3. Let i(z) = -35*z + 116. Calculate the remainder when 59 is divided by i(t).
4
Let m = -51 - -43. Let g = -32 - m. Let n = 45 + g. Calculate the remainder when n is divided by 6.
3
Let i be -10*(-8 + (-285)/10). Let d = 631 - i. Calculate the remainder when d is divided by 90.
86
Let o = 769 + -765. Suppose -2*k = -2*v + 1274, -o*v - 4*k - 1264 = -6*v. Calculate the remainder when v is divided by 28.
26
Suppose -m - 2 = 0, -2*m = 2*b - 0*m. Let c(d) = 2*d**2 + 7*d + 21. Let l be c(-7). Suppose l = b*i - 0*i. Calculate the remainder when 102 is divided by i.
32
Let c = -1703 - -2196. Calculate the remainder when 994 is divided by c.
8
Suppose 10*p - 4*p - 2400 = 0. Suppose -24*x + p = -8*x. Calculate the remainder when x is divided by 14.
11
Suppose -22*i = -x - 24*i + 187, 4*i + 382 = 2*x. Calculate the remainder when x is divided by 20.
9
Let t(g) = g**3 - 7*g**2 + 9*g + 6. Let q(w) = -w**3 + 7*w**2 - 10*w. Let x = 10 - 6. Let o be q(x). What is the remainder when t(o) is divided by 11?
10
Let w = -34413 + 35429. What is the remainder when w is divided by 40?
16
Let o = 314 + -172. Let z = o - 94. What is the remainder when 182 is divided by z?
38
Suppose -319*y + 21584 + 40254 - 14945 = 0. Let t = -42 + -5. Let l = t - -84. What is the remainder when y is divided by l?
36
Let u(k) = k**2 + 5*k + 7. Let v be u(-5). Suppose -v*q - 45 = 2*q. What is the remainder when 16 is divided by 108/(-30)*q/2?
7
Let r = 361 - 358. Suppose -t = -3, 4*i + 5*t = r*t + 26. Calculate the remainder when 12 is divided by i.
2
Suppose 2*a = 3*d + 810, a - 3*d - 403 = -d. What is the remainder when a is divided by (534/(-30) - 3)/((-1)/5)?
99
Suppose i = -4*i. Suppose 3*m - 15 = -3*a, i = 2*a - a. Calculate the remainder when (14/2)/((-3521)/(-7545)) is divided by m.
0
Let m(d) = 4*d + 1. Let x be m(2). Let h(w) = 2*w**2 + w + 2. What is the remainder when h(-3) is divided by x*1 + 6/6?
7
Suppose -144 + 40 = -5*r + 4*h, -18 = -r - 2*h. What is the remainder when 214 is divided by r?
14
Suppose 4*m = -5*o + 98 - 17, 4*m + 10 = 2*o. Calculate the remainder when 1435 is divided by o.
5
Let d(q) = q**3 - 6*q**2 + 4*q - 14. Let h be d(6). Let r(m) = 3*m - 11. Suppose -6*j + 69 = -129. Calculate the remainder when j is divided by r(h).
14
Suppose 4*z = -72*i + 75*i - 172, -140 = -3*i - 4*z. Suppose 187 = 63*t - i*t. What is the remainder when 66 is divided by t?
15
Let c(u) = 31*u + 10. Let g be c(-5). Let i = g + 198. Calculate the remainder when i is divided by 21.
11
Let d = -1 + 61. Let n = 206 - 202. Suppose 4 = -n*m + d. What is the remainder when 22 is divided by m?
8
Suppose -3*f - 760 = 92. Let u = f - -304. What is the remainder when 98 is divided by u?
18
Let h(q) = q - 6. Let c be h(-5). Let r(d) = -3*d - 17. Suppose 472 = 10*u + 22. Calculate the remainder when u is divided by r(c).
13
Let z = -54 - -54. Suppose 2*r - f = f + 652, z = 2*r - f - 653. Calculate the remainder when r is divided by 33.
30
Let d be 6/((-5)/((-20)/6)). Suppose -5*k = -0*t + d*t + 224, 4*t + 208 = -k. Let q = -28 - t. What is the remainder when 135 is divided by q?
20
Suppose 4*q = 3*w + 137, -4*w - 178 = 7*q - 10*q. Let u be (-999)/(-12) - 2/8. Let r = u + w. Calculate the remainder when 117 is divided by r.
37
Suppose -l + 19 - 8 = 3*z, -l = -3*z + 1. Suppose 0*r + 3*t - 55 = -z*r, 2*t + 31 = r. What is the remainder when r is divided by 15?
14
Let v(t) = 2*t**3 - 3*t**2 + 2*t. Let h(s) = 3*s**3 + s**2 - 3*s + 2. Suppose 9 = 4*q + 5. Let a be h(q). Calculate the remainder when 130 is divided by v(a).
31
Let t = -2651 - -2747. What is the remainder when 496 is divided by t?
16
Let s = -12 - -17. Let p(z) = z**2 - 5*z + 4. Let t(b) = -3*b**2 + 57*b + 4. Calculate the remainder when t(19) is divided by p(s).
0
Suppose -90*o + 93*o - 960 = -2*n, 2*n + 5*o = 956. What is the remainder when n is divided by 184?
115
Suppose -2442*a + 2433*a = -756. Calculate the remainder when 449 is divided by a.
29
Suppose 2*j = 3*r + 40, 3*j + 2 = 4*r + 61. Let m = -11 + 11. Suppose 0 = a - m*a + 2*q - 59, -20 = 5*q. What is the remainder when a is divided by j?
16
Let w(u) = 42 + 12 - 4*u - 22 + 25. Calculate the remainder when 498 is divided by w(8).
23
Let j = -4843 - -5847. Calculate the remainder when j is divided by 199.
9
Calculate the remainder when 1561 is divided by ((-18)/(-288)*4)/(1/68).
14
Let b be (10/(-75)*-10)/((-2)/(-6)). Suppose -3*x - j = 97, -37 = 5*x - b*x - 2*j. Let w = x + 83. Calculate the remainder when 97 is divided by w.
47
Let w be (1 - 16/10)*(-102 - -32). Suppose 15*k = k + w. Calculate the remainder when 15 is divided by k.
0
Suppose 2*n = 5*o - 3821, -1329 - 2498 = -5*o + 4*n. Calculate the remainder when o is divided by 45.
43
Let v(c) = 11*c**2 + 8*c - 24. What is the remainder when 1200 is divided by v(2)?
12
Let d be ((-320)/45)/16 - 4/(-9). Suppose d = 13*u - 278 + 18. Calculate the remainder when 51 is divided by u.
11
Suppose -91*y + 88*y = -69. Suppose 3*z = -3*j - 2*j + 352, -z + 104 = -5*j. Calculate the remainder when z is divided by y.
22
What is the remainder when 2142 is divided by (270/99)/((-18)/(-99))?
12
Let k be (-628)/(-7)*(-7)/(-2). Let s = k - 281. Let o(v) = v**2 + 1. What is the remainder when s is divided by o(-4)?
16
Let o = -167 + 219. Suppose -o*a + 57*a = 60. Calculate the remainder when 237 is divided by a.
9
Suppose 7 = -3*a - 4*j, -3*a + 25 = -3*j - j. Suppose -h = a*h, -u = 3*h - 63. What is the remainder when u is divided by 32?
31
Let q be (-38316)/(-60) - (-9)/(-15). Let w = q - 605. What is the remainder when w is divided by 6?
3
Let h(f) = 45*f - 70. Let a be h(-3). Let o = a + 233. What is the remainder when (4/3)/(4/162) is divided by o?
26
Let l(z) = -53*z - 15. Let s = -49 + 46. Let m be l(s). Suppose 3*u - m = -3*c - 51, -5*c = 3*u - 155. What is the remainder when c is divided by 12?
7
Suppose 5*q = -2*g + 83, -g + 341 = -4*q + 280. What is the remainder when 734 is divided by g?
48
Let f = -251 - -268. Suppose 2*k = -u + 269, -2*k = -2*u + 10 - 270. Calculate the remainder when k is divided by f.
14
Suppose -8*u + 7*u + 2*n + 122 = 0, -4*u + n + 523 = 0. What is the remainder when 1976 is divided by u?
128
Let h = 8634 - 8592. What is the remainder when 190 is divided by h?
22
Suppose -37*q = 98 - 246. Calculate the remainder when (5 - 7) + (-1 - -74) is divided by (3 - 3/q)*(-16)/(-3).
11
Suppose 5*d = -r + d + 8, 3*d - 6 = r. Suppose r = 16*i - 15*i - 14. What is the remainder when 80 is divided by i?
10
Let h(w) = 13*w**2 - w + 1. Suppose 2*b = -2 + 4. Suppose a + 245 = 5*i, -i - 3*a - 1 = -34. Calculate the remainder when i is divided by h(b).
9
Suppose -617*i + 615*i - 370 = -q, 4*q - 2*i - 1510 = 0. What is the remainder when q is divided by 129?
122
Calculate the remainder when -1*-16*1492*(-3)/(-24) is divided by 10.
4
Suppose -2*g + 0*g = 10. Let c(r) = -39*r**3 + 0 - 1 - 6*r - 3*r**2 + 38*r**3 - 6 + 4. What is the remainder when c(g) is divided by 20?
17
Let z(s) = 9*s**2 + 100*s - 58. What is the remainder when 2126 is divided by z(-12)?
36
Suppose -4*w - 3*c = -122 - 45, 232 = 5*w - 4*c. What is the remainder when 50 is divided by (36/(-72))/((-2)/w)?
6
Let x(l) = -78*l**3 - l**2 - l - 13. Let o(w) = w + 27. What is the remainder when x(-2) is divided by o(-17)?
9
Let l(o) = -o**2 - 14*o - 17. Let y be l(-12). Suppose 4*h = y*h - 12. Suppose 20 = -h*f + 6*f. What is the remainder when f is divided by 3?
1
Let j = 435 - 431. Calculate the remainder when (-266)/((-1)/(j - 35/10)) is divided by 36.
25
Suppose 31*k = 24*k + 77. Suppose 3*a + k*a = 1008. What is the remainder when 152 is divided by a?
8
Let k(n) = 46*n + 272. Let d be k(-6). Calculate the remainder when (2/d)/(1/(-1318)) is divided by 15.
14
Let n(z) = z**2 + 12*z - 20. Let f be n(-12). Let r = 35 + f. Suppose 3*s + 18 = 33. Calculate the remainder when r is divided by s.
0
Calculate the remainder when 363 is divided by ((-124)/60*5)/((-1)/6).
53
Let w(u) = 67 - 5*u + 9*u + 46. What is the remainder when 69 is divided by w(-17)?
24
Let n(b) = -36*b + 215. Let z be n(6). What is the remainder when (-